{"id":26,"date":"2021-01-15T19:13:31","date_gmt":"2021-01-15T18:13:31","guid":{"rendered":"https:\/\/stefan.lehmkuehler.berlin\/?page_id=26"},"modified":"2024-08-01T18:50:18","modified_gmt":"2024-08-01T16:50:18","slug":"aktuelle-themen-todos","status":"publish","type":"page","link":"https:\/\/stefan.lehmkuehler.berlin\/?page_id=26","title":{"rendered":"\u00dcber mich"},"content":{"rendered":"\n<div class=\"wp-block-columns is-layout-flex wp-container-core-columns-is-layout-9d6595d7 wp-block-columns-is-layout-flex\">\n<div class=\"wp-block-column is-layout-flow wp-block-column-is-layout-flow\">\n<h3 class=\"wp-block-heading has-text-align-center\">Mitte gr\u00fcner MACHEN!<\/h3>\n\n\n\n<figure class=\"wp-block-image size-large\"><img loading=\"lazy\" decoding=\"async\" width=\"794\" height=\"937\" src=\"https:\/\/stefan.lehmkuehler.berlin\/wp-content\/uploads\/2021\/01\/LSD-freigestellt.png\" alt=\"\" class=\"wp-image-13\" srcset=\"https:\/\/stefan.lehmkuehler.berlin\/wp-content\/uploads\/2021\/01\/LSD-freigestellt.png 794w, https:\/\/stefan.lehmkuehler.berlin\/wp-content\/uploads\/2021\/01\/LSD-freigestellt-400x472.png 400w, https:\/\/stefan.lehmkuehler.berlin\/wp-content\/uploads\/2021\/01\/LSD-freigestellt-768x906.png 768w, https:\/\/stefan.lehmkuehler.berlin\/wp-content\/uploads\/2021\/01\/LSD-freigestellt-127x150.png 127w\" sizes=\"auto, (max-width: 794px) 100vw, 794px\" \/><\/figure>\n<\/div>\n\n\n\n<div class=\"wp-block-column is-layout-flow wp-block-column-is-layout-flow\">\n<p>Mein Name ist Stefan Lehmk\u00fchler und ich bewerbe mich darum, die Menschen des Wahlkreis 2 in Mitte im Abgeordnetenhaus zu vertreten.<\/p>\n\n\n\n<p>&#8222;Mitte-Mitte&#8220; ist durch eine erhebliche Mehrfachbelastung (u.a. L\u00e4rm, Hitze) betroffen. Das werde ich \u00e4ndern!<\/p>\n\n\n\n<p>Mein Ziel ist es, das t\u00e4gliche Leben im \u00f6ffentlichen Raum angenehmer zu gestalten, damit es hier in unserer Nachbarschaft lebenswert bleibt.<\/p>\n\n\n\n<p>Das Motto &#8222;Mitte gr\u00fcner MACHEN!&#8220; hat daher zwei Bedeutungen. Zum Einen die offensichtlich politische, zum Anderen jedoch eine konkrete \u00f6kologische!<\/p>\n\n\n\n<p>Letztere zielt auf eine Klima-Anpassung durch deutlich mehr Stadt-Gr\u00fcn insbesondere die Neuanpflanzung von B\u00e4umen im \u00f6ffentlichen Raum ab.<\/p>\n<\/div>\n<\/div>\n\n\n\n<h2 class=\"wp-block-heading has-text-align-center\"><a href=\"https:\/\/stefan.lehmkuehler.berlin\/?page_id=269\">Mach&#8216; mit!<\/a><\/h2>\n","protected":false},"excerpt":{"rendered":"<p>Mitte gr\u00fcner MACHEN! Mein Name ist Stefan Lehmk\u00fchler und ich bewerbe mich darum, die Menschen des Wahlkreis 2 in Mitte im Abgeordnetenhaus zu vertreten. &#8222;Mitte-Mitte&#8220; ist durch eine erhebliche Mehrfachbelastung\u2026<\/p>\n","protected":false},"author":2,"featured_media":0,"parent":0,"menu_order":0,"comment_status":"closed","ping_status":"closed","template":"","meta":{"footnotes":""},"class_list":["post-26","page","type-page","status-publish","hentry"],"_links":{"self":[{"href":"https:\/\/stefan.lehmkuehler.berlin\/index.php?rest_route=\/wp\/v2\/pages\/26","targetHints":{"allow":["GET"]}}],"collection":[{"href":"https:\/\/stefan.lehmkuehler.berlin\/index.php?rest_route=\/wp\/v2\/pages"}],"about":[{"href":"https:\/\/stefan.lehmkuehler.berlin\/index.php?rest_route=\/wp\/v2\/types\/page"}],"author":[{"embeddable":true,"href":"https:\/\/stefan.lehmkuehler.berlin\/index.php?rest_route=\/wp\/v2\/users\/2"}],"replies":[{"embeddable":true,"href":"https:\/\/stefan.lehmkuehler.berlin\/index.php?rest_route=%2Fwp%2Fv2%2Fcomments&post=26"}],"version-history":[{"count":31,"href":"https:\/\/stefan.lehmkuehler.berlin\/index.php?rest_route=\/wp\/v2\/pages\/26\/revisions"}],"predecessor-version":[{"id":734,"href":"https:\/\/stefan.lehmkuehler.berlin\/index.php?rest_route=\/wp\/v2\/pages\/26\/revisions\/734"}],"wp:attachment":[{"href":"https:\/\/stefan.lehmkuehler.berlin\/index.php?rest_route=%2Fwp%2Fv2%2Fmedia&parent=26"}],"curies":[{"name":"wp","href":"https:\/\/api.w.org\/{rel}","templated":true}]}}

Über mich

<div class="wp-block-columns is-layout-flex wp-container-core-columns-is-layout-9d6595d7 wp-block-columns-is-layout-flex">
<div class="wp-block-column is-layout-flow wp-block-column-is-layout-flow">
<h3 class="wp-block-heading has-text-align-center">Mitte grüner MACHEN!</h3>



<figure class="wp-block-image size-large"><img loading="lazy" decoding="async" width="794" height="937" src="https://stefan.lehmkuehler.berlin/wp-content/uploads/2021/01/LSD-freigestellt.png" alt="" class="wp-image-13" srcset="https://stefan.lehmkuehler.berlin/wp-content/uploads/2021/01/LSD-freigestellt.png 794w, https://stefan.lehmkuehler.berlin/wp-content/uploads/2021/01/LSD-freigestellt-400x472.png 400w, https://stefan.lehmkuehler.berlin/wp-content/uploads/2021/01/LSD-freigestellt-768x906.png 768w, https://stefan.lehmkuehler.berlin/wp-content/uploads/2021/01/LSD-freigestellt-127x150.png 127w" sizes="auto, (max-width: 794px) 100vw, 794px" /></figure>
</div>



<div class="wp-block-column is-layout-flow wp-block-column-is-layout-flow">
<p>Mein Name ist Stefan Lehmkühler und ich bewerbe mich darum, die Menschen des Wahlkreis 2 in Mitte im Abgeordnetenhaus zu vertreten.</p>



<p>&#8222;Mitte-Mitte&#8220; ist durch eine erhebliche Mehrfachbelastung (u.a. Lärm, Hitze) betroffen. Das werde ich ändern!</p>



<p>Mein Ziel ist es, das tägliche Leben im öffentlichen Raum angenehmer zu gestalten, damit es hier in unserer Nachbarschaft lebenswert bleibt.</p>



<p>Das Motto &#8222;Mitte grüner MACHEN!&#8220; hat daher zwei Bedeutungen. Zum Einen die offensichtlich politische, zum Anderen jedoch eine konkrete ökologische!</p>



<p>Letztere zielt auf eine Klima-Anpassung durch deutlich mehr Stadt-Grün insbesondere die Neuanpflanzung von Bäumen im öffentlichen Raum ab.</p>
</div>
</div>



<h2 class="wp-block-heading has-text-align-center"><a href="https://stefan.lehmkuehler.berlin/?page_id=269">Mach&#8216; mit!</a></h2>

<p>Mitte grüner MACHEN! Mein Name ist Stefan Lehmkühler und ich bewerbe mich darum, die Menschen des Wahlkreis 2 in Mitte im Abgeordnetenhaus zu vertreten. &#8222;Mitte-Mitte&#8220; ist durch eine erhebliche Mehrfachbelastung…</p>
